m**2 + 3*m - 3*m. What is x(y)?
4
Let z(i) = -i**3 - i - 6. Let y = 15 + -7. Suppose v - y = -v. Suppose 0 = 3*l - 0*u + 2*u + 6, 0 = -v*l + u + 3. What is z(l)?
-6
Let f(v) = -5*v - 1. Let n = -13 - -12. Let y(w) = -w. Let g(d) = n*f(d) + 6*y(d). Calculate g(4).
-3
Let z(x) = -x - 5. Let g be z(-7). Suppose -g*u = -7*u. Let r(v) = 1 + u - 1 - v. What is r(4)?
-4
Let j(x) = -x - 5. Let o(m) = 2*m + 4. Let d(k) = -3*j(k) - 2*o(k). Give d(6).
1
Let l be -2*(-1 + (-9)/6). Suppose 0 = -l*o + 31 - 11. Let w(g) be the third derivative of g**5/60 - g**4/12 - g**3/2 + g**2. Calculate w(o).
5
Let d(c) be the first derivative of -c**2/2 - 11. Calculate d(-2).
2
Let o(k) = k**3 + 5*k**2 + 5*k - 2. Let u be o(-4). Let i(t) = -t**2 - 6*t - 7. What is i(u)?
-7
Let h(q) be the third derivative of q**7/2520 - q**6/120 + q**5/40 - q**4/8 - 8*q**2. Let i(r) be the second derivative of h(r). What is i(6)?
3
Let a(y) be the first derivative of -y**3/3 + 7*y - 22. Calculate a(-5).
-18
Let r(u) be the second derivative of u**3/2 - u**2/2 + 8*u. What is r(-1)?
-4
Suppose -52 = 5*g + 53. Let y = g - -27. Let h(q) = -q + 10. Calculate h(y).
4
Suppose -4 = 18*g - 19*g - 3*o, -4*o + 3 = g. Let l(s) = s**2 - 11*s + 3. What is l(g)?
-25
Let r be -1 + 3 - -3*1. Suppose -r*g + 29 = 4*x, -4*x + 0*g = -4*g - 20. Let q(i) = -i**2 + 6*i + 6. Determine q(x).
6
Let n(m) be the third derivative of m**6/120 - m**5/10 + m**4/6 - m**3 - 9*m**2. Calculate n(5).
-11
Let o(q) = 4 + 1 + 3*q - 2*q. Let j(k) = -k**2 - 4*k + 7. Let l be j(-6). Determine o(l).
0
Let s(j) be the third derivative of j**5/60 + 7*j**4/24 - j**3 - 11*j**2. Give s(-5).
-16
Let m(v) = 1 + 0*v**2 + 4*v + 2*v**2 - 2 + 3. Give m(-3).
8
Let l(d) be the first derivative of 2 + 0*d**5 + 0*d - 1/15*d**6 + 0*d**4 + d**2 + 1/6*d**3. Let a(c) be the second derivative of l(c). What is a(1)?
-7
Let v(j) be the third derivative of j**4/24 - j**3 - 15*j**2. Give v(8).
2
Suppose -3*q = q + 8. Let g be 3/(-1 - (q - -2)). Let r(p) = -p**3 - 4*p**2 - 5*p - 2. Determine r(g).
4
Let m(r) = 4*r + 9. Let f(u) = 2*u + 6. Let j(t) = -5*f(t) + 3*m(t). Suppose 2*w + 7 + 3 = -z, 0 = 2*z - 4. What is j(w)?
-15
Let p(j) = -4 - 6*j + 2 + 3. Suppose 2*d + 41 = 5*b - 0*d, 6 = -2*d. Suppose 4*q + 3 = b*q. Calculate p(q).
-5
Let y be 3/2 - (-2)/(-4). Let t(i) be the first derivative of -1/2*i**2 - i + 5. Give t(y).
-2
Let j = -4 - -5. Let m(h) = -3*h**3 + h**2. Let c be m(j). Let b(y) = -y**2 - 8*y - 4. Let v(x) = -x**2 - 9*x - 5. Let i(f) = -6*b(f) + 5*v(f). Calculate i(c).
-3
Let y = 11 + -14. Let o(f) = -3*f**3 - 2*f**2 + 5*f - 5. Let k(i) = 13*i**3 + 8*i**2 - 21*i + 21. Let z(w) = -2*k(w) - 9*o(w). What is z(y)?
3
Let d(h) = h - 2. Let o = -23 - -3. Let a = o - -20. Give d(a).
-2
Let a(n) = n**3 - 3*n**2 - 4*n - 4. Suppose 23*i = 18*i + 20. Calculate a(i).
-4
Let k be -4 + (-12 - -3)/(-3). Let v(i) = i - 6. Let n(f) = -21*f + 119. Let u(z) = 6*n(z) + 119*v(z). What is u(k)?
7
Let d(j) = 7*j**3 - 17*j**2 - 17*j. Let h(c) be the first derivative of -c**4 + 3*c**3 + 9*c**2/2 + 5. Let s(w) = -6*d(w) - 11*h(w). Calculate s(-2).
-10
Suppose -3*k = -6, -8*g - 5*k + 15 = -3*g. Let o be g + 1 + 2 - 1. Let p(f) = f**2 - 3*f. Determine p(o).
0
Let n(h) = 7*h + 21. Let p(j) = -j**3 + 11*j**2 + j - 8. Let f be p(11). Let x(v) = 3 + 0 + 8 + 0*v + 4*v. Let m(a) = f*n(a) - 5*x(a). What is m(-5)?
3
Let j(d) = 0 + 4 - 2*d + 0 - 9. Calculate j(4).
-13
Let v be -4 - 1 - (-1 + 2). Let q(b) = 4*b**3 - 2*b**2 - 2*b - 3. Let s(h) = 5*h**3 - h**2 - h - 4. Let n = 18 - 13. Let p(o) = n*s(o) - 6*q(o). Give p(v).
-8
Let q(s) be the first derivative of s**4/4 - 2*s**3 + 3*s**2 - 6*s - 3. Let o be (-2)/(-1) - (-2 - -29). Let w be o/(-10)*(1 - -1). Calculate q(w).
-1
Let b(r) = -7*r**2 + 7*r + 7. Let o(l) = -3*l + 3. Let v be o(3). Let m(c) = 20*c**2 - 20*c - 20. Let w(t) = v*m(t) - 17*b(t). What is w(-2)?
-5
Let g(j) be the first derivative of j**4/4 + 5*j**3/3 - j**2/2 + 5*j - 2. Let p be g(-5). Let w(i) = -p*i - 6 + 0*i**2 - 3*i**2 + 3*i + 2*i**2. Give w(-5).
4
Suppose 0 = h - 4*h - 6. Let p = 0 - h. Let l(w) = 2*w + w**2 + 0*w - p - 4*w**2. Determine l(2).
-10
Suppose -3*k - 3 = -4*u, -u + 6 = -4*u + 5*k. Suppose m - 2 = 2*m, u*l + 10 = m. Let x(j) = -j**2 + 1. Determine x(l).
-15
Suppose 5*z - 7*z = 6. Let w be 54/45*(-10)/z. Let l(m) = m - 5. What is l(w)?
-1
Let v be (-1)/(0 - -3)*-3. Let a(g) be the first derivative of -3*g**2/2 - 21. Give a(v).
-3
Let b(y) = -y**2 + 2*y - 3. Let o be b(3). Let c be -2*(-3)/o*-1. Let g(r) = -r**3. What is g(c)?
-1
Let j(a) = -a + 6. Suppose -3 + 1 = 2*r. Let n be -2*(r + 18/4). Let l(s) = -s + 7. Let i(p) = n*j(p) + 6*l(p). What is i(-6)?
-6
Let w(h) = -h - 3 + 2 - 4 + 2. Suppose 2*k + 13 = -x, 5*k = -x + 15 - 43. Calculate w(k).
2
Let l(g) = 4*g + 0*g + 0*g - 3*g + 5. What is l(-4)?
1
Let g be (2 + -2 - 0) + 4. Let v(t) = 6*t - 2*t - 2 + 1. Calculate v(g).
15
Let u(k) = k**2 - 6*k + 1. Suppose s + 0*q + 2*q = 11, 4*s = 5*q - 8. Determine u(s).
-8
Suppose -5*k + 0*k - 25 = 0. Let v(w) = w**2 + 7*w + 4. Determine v(k).
-6
Let w(l) be the second derivative of -2*l + 2/3*l**3 + l**2 + 0 - 1/12*l**4. Calculate w(4).
2
Let b = -11 + 10. Let a(p) = p. What is a(b)?
-1
Suppose -5*z - 3*p = 8, 4*z = 2*p - 1 - 1. Let h(g) = 2*g**2 - 4*g**2 + 1 + 2*g + 0*g**2. Determine h(z).
-3
Let t = -5 + 20. Let o = 21 - t. Let a(w) = -w**3 + 7*w**2 - 5*w - 2. Calculate a(o).
4
Let m(h) = -2*h**2 - 4*h + 5. Let u(g) = g**2 + 2*g - 2. Let i(l) = -2*m(l) - 5*u(l). Let v(c) = -c**2 + 4*c + 7. Let w be v(5). Give i(w).
-8
Let a(z) = 0*z**2 - 5*z**2 + 170 - 170. Determine a(-1).
-5
Suppose -2*g + 4*v = -10, -2*v - 10 = -0*v. Let r(p) = -p**2. Let m(t) = 4*t**2 - 3*t + 3. Let u(q) = m(q) + 5*r(q). Calculate u(g).
-7
Let h be (-1 - -2) + 2 - 0. Let s(x) = -5*x - 3*x**2 + x + x + 4 + x**3. Calculate s(h).
-5
Let h(d) be the first derivative of 3*d**2/2 - 2*d + 5. Give h(-2).
-8
Suppose 6 = -2*t - 6. Let a(b) = -b - 1 - b**2 - b**2 - b**2 + 4*b**2. Let s(x) = 5*x**2 + 3*x - 5. Let w(f) = -4*a(f) + s(f). Give w(t).
-7
Let x(k) be the first derivative of k**2/2 + 4*k - 74. Let j(n) = n - 2. Let h be j(5). What is x(h)?
7
Let g(f) = f**3 - 2*f**2 + 2*f + 3. Let a(q) = 2*q**3 - 2*q**2 + 2*q + 4. Let b(i) = 2*a(i) - 3*g(i). Suppose 3*j - 3*d + 4 = 1, -2*d + 6 = 0. Give b(j).
11
Let h(y) = -4 + 5 + 0*y - 3*y + 2*y. Let x(p) = p**3 + 7*p**2 + 6*p - 3. Let r be x(-6). Determine h(r).
4
Let g(y) = -5*y**2 + 8*y - 6. Let p(v) = 2*v**2 - 3*v + 2. Let o(z) = 3*g(z) + 8*p(z). Suppose -3 - 6 = 3*m. What is o(m)?
7
Let h(x) = -x. Let j(y) = 12*y**3 + y**2 + 5*y. Let f(w) = 5*h(w) + j(w). Calculate f(1).
13
Suppose 12*a - 5 = -3*m + 16*a, 0 = m + 4*a - 7. Let d(v) be the second derivative of -v**4/6 + v**3/6 - v**2 + v. What is d(m)?
-17
Let f(x) = 7 + 2 + 0 - 104*x + 105*x. What is f(-4)?
5
Let j(a) be the second derivative of 1/6*a**3 + 0 + 0*a**2 - 2*a - 1/120*a**5 - 1/4*a**4. Let s(y) be the second derivative of j(y). Calculate s(-6).
0
Let m(s) be the first derivative of s**2/2 + 4*s - 1. Calculate m(6).
10
Let o(i) be the second derivative of i**5/20 - i**4/4 - i**3/3 - 2*i**2 + 24*i. Give o(4).
4
Let f(h) = -h**2 - 4*h - 3. Let m(o) = o**2 + 5*o - 17. Let v be m(-7). What is f(v)?
0
Let s(f) be the first derivative of f**3/3 - 5*f**2/2 + 2*f - 23. Suppose -q + 2*v = -2*q + 5, 56 = 4*q - 4*v. Let z = q + -8. What is s(z)?
-4
Suppose -2*w + 5*p = -0 - 5, -3*p = w - 8. Let o(n) = n**3 - 6*n**2 + n + 7. What is o(w)?
-13
Let w = -1 - -4. Let t(z) = 17*z**3 + 2*z + 1 - 3*z - 18*z**3 + w*z**2. What is t(2)?
3
Let w(t) = 12*t - 5. Let q(d) = -4*d + 2. Let o(p) = -8*q(p) - 3*w(p). Let c = -6 - -7. Determine o(c).
-5
Suppose 0 = g + 4*f - 17, 2*f + 1 = -2*g + 5. Let k(m) = -7 - m**2 + 3 + 23*m - 27*m. Give k(g).
-1
Let b be (-1*2)/(8/28). Let m(l) = -l - 2. Let q(u) = -4*u - 5. Let k(j) = b*m(j) + 2*q(j). What is k(3)?
1
Let g(f) = -6 - 3*f - f + f. Calculate g(-4).
6
Let s(b) = 18*b + 10. Let z(i) = -24*i - 23. Let r(l) = 12*l + 11. Let d(n) = 9*r(n) + 4*z(n). Let f(h) = 7*d(h) - 5*s(h). What is f(-1)?
5
Let r(l) = -l**2 + 5*l + 3. Let c be r(5). Let p(w) = 1 - 3*w**3 + 2*w + 2*w**2 + 5*w**3 + 1 - w**c. Let a be 2/(-2 - (1 + -2)). Calculate p(a).
-2
Suppose 0 = -r + 4*r - 12. 